-50. Let y(x) = x + 1. Let h be y(-5). Let a = h - j. List the prime factors of a.
17
Suppose 0 = 5*i + y - 2118, 278 = i + 3*y - 154. List the prime factors of i.
3, 47
What are the prime factors of 414 - (-6)/(-1 + -5)?
7, 59
Let f be 4/(8/6) + (318 - -1). Suppose -d + 2 = 0, -f = -5*t + 2*t - 2*d. What are the prime factors of t?
2, 53
Let f = 18 - 19. Let v(j) = -19*j. Let l be v(f). List the prime factors of l*3 - (11 - 8).
2, 3
Suppose 5*s + 33 - 3 = 0. What are the prime factors of s/8 + 1052/16?
5, 13
Let t(r) = 65*r**2 + 11*r - 17. List the prime factors of t(6).
2389
Suppose -435*z + 4*r = -432*z - 11611, 2*z - 7722 = -2*r. What are the prime factors of z?
5, 773
Suppose 0 = 3*f + 4*w - 7, 2*w - 35 = -5*f. List the prime factors of f.
3
Suppose 5*n = 11*n - 3300. List the prime factors of n.
2, 5, 11
Suppose 4 = -3*w + w, -598 = -2*l - 4*w. What are the prime factors of l?
3, 101
Let x(o) = o - 26. Let q be x(9). Let p(a) = -8*a - 56. What are the prime factors of p(q)?
2, 5
Let k = 31 + -33. What are the prime factors of (-1)/(k + 2*(-1089)/(-1092))?
2, 7, 13
Suppose -c = -2, 2*x + 3*c = 394 + 68. What are the prime factors of x?
2, 3, 19
Let g(j) = -2*j + 16*j**2 + 2 + 4*j - 3. What are the prime factors of g(1)?
17
Let o(k) = k**3 - k**2 + k - 4. Let l be o(0). Let q = l + 1. List the prime factors of -4*26/12*q.
2, 13
Suppose -2*a - f = -191, -5*f - 352 = -4*a - f. What are the prime factors of a?
3, 31
What are the prime factors of 53816/62 - (-2 + 1)?
11, 79
Suppose -v = 4*v - 25. Suppose 0 = -v*q + 16 + 14. Let u = 9 - q. What are the prime factors of u?
3
Let z = 69 - 51. Let g = 142 + z. What are the prime factors of g?
2, 5
Let p = -5 + 10. Suppose 20 = 4*j + p*h - 8, -j - h = -6. Suppose -m - 106 = -3*t, -j*t + 5*m + 54 = -t. What are the prime factors of t?
2, 17
Suppose 1500 = -67*k + 72*k. What are the prime factors of k?
2, 3, 5
List the prime factors of ((-8)/(-18))/(6/(-9))*-633.
2, 211
Let u(l) = -l**2 + 5*l + 11. Let b be u(6). Let d(f) = 35*f - 38. What are the prime factors of d(b)?
137
Suppose 3*f - 374 - 60 = -2*g, 126 = f - 4*g. Let v = -82 + f. Suppose 2*z - v = -3*z. What are the prime factors of z?
2, 3
Let p = 117 - -450. List the prime factors of p.
3, 7
Let c(l) be the second derivative of 3/2*l**2 + 0 - 2*l - 1/6*l**3. List the prime factors of c(-5).
2
Suppose 4*i = 7*i. Suppose i*q + 2*q - 4 = 0. Suppose 15 = -3*l, -3*u + 40 = q*u + 5*l. What are the prime factors of u?
13
Let f(y) = 56*y**3 - 2*y**2 - 2*y + 2. Let b(j) = 113*j**3 - 4*j**2 - 4*j + 3. Let x(p) = -3*b(p) + 5*f(p). List the prime factors of x(-1).
2, 3, 5
Suppose -w + 22 = 5*y, 4*y - 6 = 2*w + 20. Suppose 0 = -4*x + y*j + 911, 6*j = 2*x + j - 453. List the prime factors of x.
229
Let q(z) = z**3 + 18*z**2 + 16*z - 12. Let m be q(-17). Suppose -m*c - 8 = -43. List the prime factors of c.
7
Let v be 8/16 + (-21)/2. Let x = v + 11. Suppose 2*a - x - 5 = 0, -2*a - 24 = -n. What are the prime factors of n?
2, 3, 5
Let t = 686 - 691. Suppose -5*z + m + 161 = -m, -z - 3*m + 22 = 0. Let d = z + t. What are the prime factors of d?
2, 13
Let t = -1154 + 1882. List the prime factors of t.
2, 7, 13
Suppose 0 = 4*a + 4*b + 164, a = -3*b + 1 - 46. Let r = 42 + a. List the prime factors of r.
3
Let y = 5 - -2. Suppose 33 = -y*c - 16. Let o(a) = -9*a - 3. What are the prime factors of o(c)?
2, 3, 5
Suppose -12979 = -19*t + 5812. List the prime factors of t.
23, 43
Suppose -5*s + 187 = 47. Let z be 8/(-28) + (-104)/s. List the prime factors of z/(3 + -1) + 65.
3, 7
Let x(j) be the first derivative of -5/2*j**2 + 1/3*j**3 - j - 4. What are the prime factors of x(7)?
13
Suppose 0 = -4*k - 4*f - 1040, -3*f + 8*f = 5*k + 1250. Let v = -113 - k. List the prime factors of v.
2, 71
Let q = 690 - 1401. List the prime factors of (2/6)/((-1)/q).
3, 79
Suppose 4*j + 12 = 0, 0*j = -3*c - j - 9. Let h(u) = 33*u + 3. Let q(m) = -16*m - 2. Let n(x) = -4*h(x) - 7*q(x). List the prime factors of n(c).
2, 3, 7
Let i be 4 + 0*2/(-6). Suppose -i*y + 433 = 85. Suppose -3*s + y = 2*c, 2*c - 114 = -s - 37. List the prime factors of c.
2, 3
Let v be (12/8)/(15/310). Suppose -j + 78 = v. What are the prime factors of j?
47
Suppose 5*m - z = -41, 0*z + z = 3*m + 25. Let b be m/(-2 - -4) + 108. Suppose -4*o + 88 = 2*t, 3*t = 3*o - 2*o + b. What are the prime factors of t?
2, 3
Let b(m) = 47*m - 10. Let t be b(-4). Let a = 315 + t. What are the prime factors of a?
3, 13
List the prime factors of 36/10*(-6280)/(-12).
2, 3, 157
Let g(z) = 98*z - 195*z + 98*z**2 + 96*z + 217*z**2. List the prime factors of g(-1).
2, 79
Suppose -5*y + 7305 = 5*b, -3 - 3 = 2*b. What are the prime factors of y?
2, 3, 61
Suppose 0*y - 729 = -2*g + 3*y, 4*y + 730 = 2*g. Suppose 4*p - p = g. Suppose -4*b = -p + 9. List the prime factors of b.
2, 7
Suppose -3*a - 30 = -9. Let f = -7 - a. Suppose -7*l + 2*l + 200 = f. What are the prime factors of l?
2, 5
Suppose 2*v + 38 = 3*h, -50 = -3*h - 3*v - v. Let a be (-2)/14 + 282/h. Suppose -a = -3*w + w. List the prime factors of w.
2, 5
Let a(s) = -s**3 - 14*s**2 + 14*s + 41. What are the prime factors of a(-16)?
7, 47
Let m(j) = 5*j + 212. List the prime factors of m(-33).
47
What are the prime factors of 3405/6 + -1 - 15/10?
5, 113
Let q be 3*1/1 - 0/31. Suppose -n + 3*w = 3*n - 1120, -853 = -q*n - w. List the prime factors of n.
283
Suppose -4*r + 1133 = -m - 371, -2*m + 1504 = 4*r. What are the prime factors of r?
2, 47
Let r(j) = -3*j**2 - j - j**3 - 2 - 5*j + 3*j. Let k be r(-2). Suppose -3*g = -k*g - 45. What are the prime factors of g?
3, 5
Suppose -5*u + s + s = 0, -3*u = -5*s. Suppose 4*y - 8*y + 148 = u. What are the prime factors of y?
37
Suppose -39*x + 34*x = -24080. What are the prime factors of x?
2, 7, 43
Suppose 2*i = -5*s + 23, -3*s + 2*s + 2*i = 5. Suppose s*w - 24 = -0*w - t, -3*w = 3*t - 30. Let c = 13 + w. List the prime factors of c.
2, 5
Let i(u) = 11*u - 2. Let h(v) = -5*v + 1. Let s(b) = -9*h(b) - 4*i(b). Let c be s(-5). Let f(o) = 2*o**2 + 2*o + 3. List the prime factors of f(c).
3, 7
Let v(k) be the first derivative of -9*k**2 - 16*k - 3. What are the prime factors of v(-8)?
2
Suppose 2*u = -2 + 8. Suppose -5*w = -3*p - 87, u*w - 53 = -0*w + 2*p. Suppose -2*r + 2*o = -4, 2*o - w = -3*r + 1. What are the prime factors of r?
2
Let m(x) = -x**3 + 26*x**2 + 28*x - 13. Let z(g) = g**3 - 26*g**2 - 27*g + 14. Let o(k) = 3*m(k) + 2*z(k). List the prime factors of o(27).
2, 5, 7
Suppose t + 0*t = 61. Let n = 111 - t. List the prime factors of n.
2, 5
Suppose -3*d + 328 = -2*t - 168, 4*t + 948 = -5*d. List the prime factors of (2/(-4))/(1/t).
11
Let j = -5 + 1. Let q = j - -7. List the prime factors of (-105)/(-14)*4/q.
2, 5
Let w(v) be the third derivative of -v**6/120 - v**5/12 - v**4/12 + 5*v**3/6 - 9*v**2. Let u = 10 + -15. List the prime factors of w(u).
3, 5
Suppose -8*o + 9*o = 5. Suppose 2*m + 0*m - 159 = 5*a, 176 = 3*m + o*a. List the prime factors of m.
67
Suppose 4 = -18*f + 22*f. Let p be f/((-8)/4 + 1). What are the prime factors of 4 - p*(-208)/(-4)?
2, 7
Let r = 1405 - -3635. List the prime factors of r.
2, 3, 5, 7
Let p = 6 + -1. Let i(l) be the second derivative of l**4/12 - l**3/3 + l**2/2 + 2*l. List the prime factors of i(p).
2
Let o(b) = -2*b**2 + 2*b. Let t(m) = -5*m**3 + 2*m - 1. Let h be t(1). Let p be o(h). Let n = p - -98. List the prime factors of n.
2, 29
Suppose 16*l + 7336 = 44*l. List the prime factors of l.
2, 131
Let v = 2836 + -1037. List the prime factors of v.
7, 257
Let v(h) = h**3 + 7*h**2 + 4*h - 4. Let t be v(-5). Suppose -2*i + 196 = t. What are the prime factors of i?
5, 17
Let x(u) = u**2 + 11*u - 12. Let l be x(-12). Suppose k - 82 + 33 = l. List the prime factors of k.
7
Let q = 591 + -230. What are the prime factors of q?
19
Let k(y) = -3*y**2 - 18*y - 3. Let c(p) = -p**2 - p - 1. Let q(z) = -2*c(z) + k(z). Let w = 103 + -112. List the prime factors of q(w).
2, 31
Let v = 342 - -633. List the prime factors of v.
3, 5, 13
Let j(p) = -p**3 + p**2 - 5*p + 4. Let a be j(0). Suppose a = 3*k + 1, -2*c = k - 413. What are the prime factors of c?
2, 103
Let t be (-4)/8*-2*0. Suppose 75 = 3*i - n - 0*n, -2*i + 3*n + 43 = t. List the prime factors of i.
2, 13
Suppose -6*p - 20 = -8*p. Let m = p + 159. Wha